{"id":213,"date":"2018-03-02T16:51:31","date_gmt":"2018-03-02T15:51:31","guid":{"rendered":"http:\/\/enfiletesbaskets.fr\/?page_id=213"},"modified":"2025-12-03T23:16:19","modified_gmt":"2025-12-03T22:16:19","slug":"association-enfile-tes-baskets","status":"publish","type":"page","link":"https:\/\/enfiletesbaskets.fr\/","title":{"rendered":"Association Enfile tes baskets"},"content":{"rendered":"<p><img decoding=\"async\" loading=\"lazy\" class=\"wp-image-4761  aligncenter\" src=\"http:\/\/enfiletesbaskets.fr\/wp-content\/uploads\/2024\/10\/ETB-Baskets-Copie2-300x131.jpg\" alt=\"\" width=\"550\" height=\"240\" srcset=\"https:\/\/enfiletesbaskets.fr\/wp-content\/uploads\/2024\/10\/ETB-Baskets-Copie2-300x131.jpg 300w, https:\/\/enfiletesbaskets.fr\/wp-content\/uploads\/2024\/10\/ETB-Baskets-Copie2-1024x448.jpg 1024w, https:\/\/enfiletesbaskets.fr\/wp-content\/uploads\/2024\/10\/ETB-Baskets-Copie2-768x336.jpg 768w, https:\/\/enfiletesbaskets.fr\/wp-content\/uploads\/2024\/10\/ETB-Baskets-Copie2-1536x672.jpg 1536w, https:\/\/enfiletesbaskets.fr\/wp-content\/uploads\/2024\/10\/ETB-Baskets-Copie2-2048x896.jpg 2048w\" sizes=\"(max-width: 550px) 100vw, 550px\" \/><\/p>\n<p style=\"text-align: left;\">Cr\u00e9\u00e9e en 2005, notre association propose \u00e0 tous les passionn\u00e9s de course \u00e0 pied de partager ce plaisir simple. Pour cela, ses adh\u00e9rents se donnent rendez-vous dans la semaine, pour courir dans une ambiance sportive et conviviale. Nous nous retrouvons aussi sur les courses en comp\u00e9tition pour porter nos couleurs et nous encourager.<\/p>\n<p>Aujourd&rsquo;hui nous comptons 80 adh\u00e9rents de 20 \u00e0 80 ans avec une parit\u00e9 bien respect\u00e9e.<\/p>\n<p>Vous souhaitez nous voir en action ? Quelques moments de vie sur notre <a href=\"https:\/\/www.facebook.com\/profile.php?id=100065175243466&amp;locale=fr_FR\"><span style=\"color: #0000ff;\">Facebook<\/span><\/a> Enfile tes baskets 31 Grenade et notre <span style=\"color: #800080;\"><a href=\"https:\/\/www.instagram.com\/enfiletesbaskets31\/\"><span style=\"color: #ff00ff;\">Instagram<\/span> <\/a><span style=\"color: #000000;\">enfiletesbaskets31.<\/span><\/span><\/p>\n<p style=\"text-align: left;\"><strong>Vous souhaitez nous rejoindre ? N&rsquo;h\u00e9sitez-pas, on vous attend aux lieux indiqu\u00e9s ci-dessous<\/strong><em> (<\/em><em>Attention, les horaires et lieux peuvent varier) :<\/em><\/p>\n<ul>\n<li><span style=\"color: #ff6600;\">les lundis<\/span> \u00e0 18h00, s\u00e9ance de Tabata, renforcement musculaire au foyer rural de Grenade.<\/li>\n<li><span style=\"color: #ff6600;\">les mardis<\/span> \u00e0 18h30, s\u00e9ance de fractionn\u00e9 au coll\u00e8ge de Grenade.<\/li>\n<li><span style=\"color: #ff6600;\">les mercredis<\/span> \u00e0 18h30, d\u00e9part au 25 B rue Wagram \u00e0 Grenade.<\/li>\n<li><span style=\"color: #ff6600;\">les jeudis<\/span> \u00e0 18h30, s\u00e9ance de fractionn\u00e9 au coll\u00e8ge de Grenade.<\/li>\n<li><span style=\"color: #ff6600;\">les dimanches<\/span> \u00e0 9h30 d\u00e9part \u00e0 l&rsquo;\u00e9cluse d&rsquo;Embalens, \u00e0 St-Rustice.<\/li>\n<\/ul>\n<p><a href=\"https:\/\/enfiletesbaskets.fr\/?page_id=1326\" target=\"_blank\" rel=\"noopener\"><em>D\u00e9tails des entra\u00eenements, rubrique \u00ab\u00a0Entra\u00eenements\u00a0\u00bb<\/em><\/a><\/p>\n<p>Si vous souhaitez plus d&rsquo;informations, vous pouvez nous contacter via notre adresse mail <strong>enfiletesbaskets@gmail.com<\/strong><\/p>\n<p><img decoding=\"async\" loading=\"lazy\" class=\"wp-image-4844 aligncenter\" src=\"http:\/\/enfiletesbaskets.fr\/wp-content\/uploads\/2025\/01\/20250104_202129-300x176.jpg\" alt=\"\" width=\"530\" height=\"311\" srcset=\"https:\/\/enfiletesbaskets.fr\/wp-content\/uploads\/2025\/01\/20250104_202129-300x176.jpg 300w, https:\/\/enfiletesbaskets.fr\/wp-content\/uploads\/2025\/01\/20250104_202129-1024x601.jpg 1024w, https:\/\/enfiletesbaskets.fr\/wp-content\/uploads\/2025\/01\/20250104_202129-768x451.jpg 768w, https:\/\/enfiletesbaskets.fr\/wp-content\/uploads\/2025\/01\/20250104_202129-1536x901.jpg 1536w, https:\/\/enfiletesbaskets.fr\/wp-content\/uploads\/2025\/01\/20250104_202129-2048x1202.jpg 2048w\" sizes=\"(max-width: 530px) 100vw, 530px\" \/><\/p>\n<p style=\"text-align: center;\">\n<div class=\"n2-has-copy n2-code n2-ss-slider-shortcode-id\" style=\"text-align: left;\"><\/div>\n<div><\/div>\n<div><\/div>\n<div><\/div>\n","protected":false},"excerpt":{"rendered":"<p>Cr\u00e9\u00e9e en 2005, notre association propose \u00e0 tous les passionn\u00e9s de course \u00e0 pied de partager ce plaisir simple. Pour cela, ses adh\u00e9rents se donnent rendez-vous dans la semaine, pour courir dans une ambiance sportive et conviviale. Nous nous retrouvons aussi sur les courses en comp\u00e9tition pour porter nos couleurs et nous encourager. Aujourd&rsquo;hui nous &hellip; <\/p>\n<p class=\"link-more\"><a href=\"https:\/\/enfiletesbaskets.fr\/\" class=\"more-link\">Continuer la lecture<span class=\"screen-reader-text\"> de &laquo;&nbsp;Association Enfile tes baskets&nbsp;&raquo;<\/span><\/a><\/p>\n","protected":false},"author":1,"featured_media":4767,"parent":0,"menu_order":1,"comment_status":"closed","ping_status":"closed","template":"","meta":[],"_links":{"self":[{"href":"https:\/\/enfiletesbaskets.fr\/index.php?rest_route=\/wp\/v2\/pages\/213"}],"collection":[{"href":"https:\/\/enfiletesbaskets.fr\/index.php?rest_route=\/wp\/v2\/pages"}],"about":[{"href":"https:\/\/enfiletesbaskets.fr\/index.php?rest_route=\/wp\/v2\/types\/page"}],"author":[{"embeddable":true,"href":"https:\/\/enfiletesbaskets.fr\/index.php?rest_route=\/wp\/v2\/users\/1"}],"replies":[{"embeddable":true,"href":"https:\/\/enfiletesbaskets.fr\/index.php?rest_route=%2Fwp%2Fv2%2Fcomments&post=213"}],"version-history":[{"count":192,"href":"https:\/\/enfiletesbaskets.fr\/index.php?rest_route=\/wp\/v2\/pages\/213\/revisions"}],"predecessor-version":[{"id":5180,"href":"https:\/\/enfiletesbaskets.fr\/index.php?rest_route=\/wp\/v2\/pages\/213\/revisions\/5180"}],"wp:featuredmedia":[{"embeddable":true,"href":"https:\/\/enfiletesbaskets.fr\/index.php?rest_route=\/wp\/v2\/media\/4767"}],"wp:attachment":[{"href":"https:\/\/enfiletesbaskets.fr\/index.php?rest_route=%2Fwp%2Fv2%2Fmedia&parent=213"}],"curies":[{"name":"wp","href":"https:\/\/api.w.org\/{rel}","templated":true}]}}