{"id":2560,"date":"2020-01-13T13:51:33","date_gmt":"2020-01-13T12:51:33","guid":{"rendered":"http:\/\/enfiletesbaskets.fr\/?page_id=2560"},"modified":"2022-04-12T20:03:10","modified_gmt":"2022-04-12T18:03:10","slug":"ledition-2020","status":"publish","type":"page","link":"https:\/\/enfiletesbaskets.fr\/?page_id=2560","title":{"rendered":"L&rsquo;\u00e9dition 2021"},"content":{"rendered":"\n<p class=\"has-medium-font-size\">Photos de l&rsquo;\u00e9dition pass\u00e9e \u00e0 d\u00e9couvrir <a href=\"https:\/\/photos.google.com\/share\/AF1QipPXpOFXID152kJ0gVH9FdtNnfQjJhVRUTFwXxPc5JRcEvjUrYK4kuiZC1U1UqEyNQ?key=OUtvWU9hY05mQm9IN0JDT3ZCell4bVNhQmxfRFJn\" target=\"_blank\" rel=\"noreferrer noopener\"><strong>ici<\/strong><\/a><\/p>\n","protected":false},"excerpt":{"rendered":"<p>Photos de l&rsquo;\u00e9dition pass\u00e9e \u00e0 d\u00e9couvrir ici<\/p>\n","protected":false},"author":1,"featured_media":0,"parent":2557,"menu_order":1,"comment_status":"closed","ping_status":"closed","template":"","meta":[],"_links":{"self":[{"href":"https:\/\/enfiletesbaskets.fr\/index.php?rest_route=\/wp\/v2\/pages\/2560"}],"collection":[{"href":"https:\/\/enfiletesbaskets.fr\/index.php?rest_route=\/wp\/v2\/pages"}],"about":[{"href":"https:\/\/enfiletesbaskets.fr\/index.php?rest_route=\/wp\/v2\/types\/page"}],"author":[{"embeddable":true,"href":"https:\/\/enfiletesbaskets.fr\/index.php?rest_route=\/wp\/v2\/users\/1"}],"replies":[{"embeddable":true,"href":"https:\/\/enfiletesbaskets.fr\/index.php?rest_route=%2Fwp%2Fv2%2Fcomments&post=2560"}],"version-history":[{"count":6,"href":"https:\/\/enfiletesbaskets.fr\/index.php?rest_route=\/wp\/v2\/pages\/2560\/revisions"}],"predecessor-version":[{"id":3579,"href":"https:\/\/enfiletesbaskets.fr\/index.php?rest_route=\/wp\/v2\/pages\/2560\/revisions\/3579"}],"up":[{"embeddable":true,"href":"https:\/\/enfiletesbaskets.fr\/index.php?rest_route=\/wp\/v2\/pages\/2557"}],"wp:attachment":[{"href":"https:\/\/enfiletesbaskets.fr\/index.php?rest_route=%2Fwp%2Fv2%2Fmedia&parent=2560"}],"curies":[{"name":"wp","href":"https:\/\/api.w.org\/{rel}","templated":true}]}}