{"id":272,"date":"2018-03-19T16:05:56","date_gmt":"2018-03-19T15:05:56","guid":{"rendered":"http:\/\/enfiletesbaskets.fr\/?page_id=272"},"modified":"2025-12-03T23:33:12","modified_gmt":"2025-12-03T22:33:12","slug":"le-bureau-2020-et-son-conseil-dadministration","status":"publish","type":"page","link":"https:\/\/enfiletesbaskets.fr\/?page_id=272","title":{"rendered":"Le Conseil d&rsquo;Administration et le Bureau 2024\/2025"},"content":{"rendered":"<p><strong>Membres du Conseil d&rsquo;Administration :<\/strong><\/p>\n<p>Alexandre BOSC<br \/>Julien BOURDARIAS<br \/>Virginie CARRIERE<br \/>C\u00e9cile GALEA<br \/>Laurence GENEZ<br \/>Julien GODARD<br \/>Sophie LAGOUGE<br \/>Bernard RACAUD<br \/>Sandrine RAZIN<br \/>Claude SERIEYE<br \/>Christine SOARES<\/p>\n<p style=\"text-align: left;\"><strong>Membres du Bureau :<\/strong><\/p>\n<ul>\n<li><em>Pr\u00e9sident :<\/em> Julien GODARD<br \/><em>Vice-Pr\u00e9sident : Christine SOARES<\/em><\/li>\n<li><em>Tr\u00e9sorier :<\/em> Bernard RACAUD<br \/><em>Vice-Tr\u00e9sorier :<\/em> Claude SERIEYE<\/li>\n<li><em>Secr\u00e9taire :<\/em> Laurence GENEZ<br \/><em>Vice-Secr\u00e9taire :<\/em> Sandrine RAZIN<\/li>\n<\/ul>\n\n\n<figure class=\"wp-block-image size-full is-resized\"><img decoding=\"async\" loading=\"lazy\" src=\"http:\/\/enfiletesbaskets.fr\/wp-content\/uploads\/2024\/03\/Tarrin1280x300.jpg\" alt=\"\" class=\"wp-image-4354\" width=\"607\" height=\"185\" srcset=\"https:\/\/enfiletesbaskets.fr\/wp-content\/uploads\/2024\/03\/Tarrin1280x300.jpg 985w, https:\/\/enfiletesbaskets.fr\/wp-content\/uploads\/2024\/03\/Tarrin1280x300-300x91.jpg 300w, https:\/\/enfiletesbaskets.fr\/wp-content\/uploads\/2024\/03\/Tarrin1280x300-768x234.jpg 768w\" sizes=\"(max-width: 607px) 100vw, 607px\" \/><\/figure>\n","protected":false},"excerpt":{"rendered":"<p>Membres du Conseil d&rsquo;Administration : Alexandre BOSCJulien BOURDARIASVirginie CARRIEREC\u00e9cile GALEALaurence GENEZJulien GODARDSophie LAGOUGEBernard RACAUDSandrine RAZINClaude SERIEYEChristine SOARES Membres du Bureau : Pr\u00e9sident : Julien GODARDVice-Pr\u00e9sident : Christine SOARES Tr\u00e9sorier : Bernard RACAUDVice-Tr\u00e9sorier : Claude SERIEYE Secr\u00e9taire : Laurence GENEZVice-Secr\u00e9taire : Sandrine RAZIN<\/p>\n","protected":false},"author":1,"featured_media":0,"parent":0,"menu_order":0,"comment_status":"closed","ping_status":"closed","template":"","meta":[],"_links":{"self":[{"href":"https:\/\/enfiletesbaskets.fr\/index.php?rest_route=\/wp\/v2\/pages\/272"}],"collection":[{"href":"https:\/\/enfiletesbaskets.fr\/index.php?rest_route=\/wp\/v2\/pages"}],"about":[{"href":"https:\/\/enfiletesbaskets.fr\/index.php?rest_route=\/wp\/v2\/types\/page"}],"author":[{"embeddable":true,"href":"https:\/\/enfiletesbaskets.fr\/index.php?rest_route=\/wp\/v2\/users\/1"}],"replies":[{"embeddable":true,"href":"https:\/\/enfiletesbaskets.fr\/index.php?rest_route=%2Fwp%2Fv2%2Fcomments&post=272"}],"version-history":[{"count":51,"href":"https:\/\/enfiletesbaskets.fr\/index.php?rest_route=\/wp\/v2\/pages\/272\/revisions"}],"predecessor-version":[{"id":5182,"href":"https:\/\/enfiletesbaskets.fr\/index.php?rest_route=\/wp\/v2\/pages\/272\/revisions\/5182"}],"wp:attachment":[{"href":"https:\/\/enfiletesbaskets.fr\/index.php?rest_route=%2Fwp%2Fv2%2Fmedia&parent=272"}],"curies":[{"name":"wp","href":"https:\/\/api.w.org\/{rel}","templated":true}]}}